 4. What are the prime factors of n(5)?
2, 3
Suppose -2*t + t + 96 = 0. What are the prime factors of t?
2, 3
Suppose -15 = -4*f + 1. Suppose 0 = -3*y, f*a + 5*y - 4 = 4. List the prime factors of a.
2
List the prime factors of 6/15 + (-890)/(-25).
2, 3
Let r = -7 - -1. List the prime factors of 27 - -2*3/r.
2, 13
Let m(x) = 15*x - 14. List the prime factors of m(6).
2, 19
Suppose -g + 8 = g + 2*u, -3*u = g - 4. Let n(p) = -g - 2 + p + 1. List the prime factors of n(7).
2
What are the prime factors of ((-14)/6 + 1)*(-5589)/138?
2, 3
Let t = 54 - 21. Suppose 3*x = -4*w - 44, 3*w - 3*x + t = -0*w. Let z = -8 - w. What are the prime factors of z?
3
Let j = 167 - 91. What are the prime factors of j?
2, 19
Suppose 21 = 4*f + 3*k - 10, 0 = 4*f + 4*k - 36. Suppose -5*j - 160 = 4*v - f*j, v - 4*j + 23 = 0. List the prime factors of (v/(-12))/(2/8).
13
Suppose 3*j - 4*j = 5*t - 40, -3*j = 0. Suppose 0 = -7*i + t*i - 45. List the prime factors of i.
3, 5
Let s = 11 - 21. Let w(m) = m**3 + 9*m**2 - 11*m + 10. What are the prime factors of w(s)?
2, 5
Suppose -4*o + 7 = 5*m - 15, 0 = m - 4*o + 10. Suppose 0*g + m*g = 18. What are the prime factors of g?
3
Suppose 0 = l - d + 7, l - 2*d = 2*l + 16. Let o be 8/l*(-10)/4. Suppose -o*f + 1 = -9. List the prime factors of f.
5
Let b = 7 + -5. List the prime factors of 3*7 - b/2.
2, 5
Suppose -5*a - 774 = -4*z, -209 = -z - a - 20. List the prime factors of z.
191
Let l = 20 + -11. List the prime factors of l.
3
Let i(y) = -y**2 + 15*y + 27. List the prime factors of i(14).
41
What are the prime factors of ((-46)/(-1))/((-781)/88 + 9)?
2, 23
Let x = -38 - -58. What are the prime factors of x?
2, 5
Suppose 5*u = -3*s + 299, 3*u + 62 = -s + 159. Let t be s/7 + (-8)/(-28). Let h = t - 7. What are the prime factors of h?
2
Let f = 85 + 15. What are the prime factors of f?
2, 5
Let l(c) = -c**2 + c. Let x(h) = h**2 - 10*h + 9. Let w(i) = 2*l(i) + x(i). List the prime factors of w(-8).
3
Suppose -67 = -3*w + 5*t - t, -3*w + 47 = t. What are the prime factors of w?
17
Suppose 0 = 4*u - h - 37, 3*h = 2*u - h - 8. Let p(q) = 7*q - 5. Let s be p(2). Suppose u + s = x. List the prime factors of x.
19
Suppose 0 = 3*v - 2*p - 221, 2*v - 4*p + 55 = 3*v. What are the prime factors of v?
71
Let t be -6*2/3*-1. Suppose 0 = -t*p - w + 20, 3*p - 3*w = 6*p - 6. What are the prime factors of p?
2, 3
Let c(b) be the third derivative of -b**5/60 - 7*b**4/12 - b**3/6 - 4*b**2. What are the prime factors of c(-11)?
2
Let f(t) = t + 85. Let c be f(0). Suppose c = 3*x + 2*l, 5*x + 3*l = 4*x + 40. List the prime factors of x.
5
Suppose -2*s - 5*l = -1, -3*s + l + 1 = -9. Suppose -s*p + 8*p = 20. Suppose f - p*f = -36. What are the prime factors of f?
2, 3
Suppose 0 = 2*l - 2 - 104. Let d = l + -37. What are the prime factors of d?
2
Let b(m) = 4*m**2 - 4*m + 2. Let n be b(3). Let t = n - 4. What are the prime factors of t?
2, 11
Suppose 9 = -4*a + 49. Suppose a = 4*h + h. List the prime factors of (22/4)/(h/4).
11
Suppose 2*i + 30 = 2*x + 6*i, 3*x - 45 = 4*i. List the prime factors of x.
3, 5
Suppose -4*a + 2*t + 149 = -3*t, -2*t + 6 = 0. Suppose a = v - 0. List the prime factors of v.
41
Let x(r) = 2*r - 1. Let s be x(4). Suppose -2*z = -3*m - 33, 0 = z + 3*m - s - 5. What are the prime factors of 6/z + 58/5?
2, 3
Let z(q) = -q - 3. Let k be z(-4). Let c = 5 - k. List the prime factors of ((-16)/24)/(c/(-18)).
3
Suppose 3*h + 5 = -2*p + 4, -3*p + h + 15 = 0. Suppose -n - n + p = w, n = 3*w + 23. What are the prime factors of 12/8*(-44)/w?
11
Let u be (-2)/(3 + 13/(-4)). Suppose 0 = -2*z + 4*c + 20, 5*z - u = -3*c - 23. Let g = z - -7. What are the prime factors of g?
7
Let v = 8 - 5. List the prime factors of -1*(-10)/2*v.
3, 5
Let f = 208 - -83. List the prime factors of f.
3, 97
Suppose -2*s + 5*w = -297, w = -5*s + 1010 - 281. What are the prime factors of s?
2, 73
List the prime factors of 4 + 8/(-20)*-5.
2, 3
Let t(l) = 6*l**3 - 4*l**2 - 6*l - 6. Let b(j) = -2*j**3 + j**2 + 2*j + 2. Let s(g) = 7*b(g) + 2*t(g). What are the prime factors of s(-2)?
2, 5
Suppose 0 = -5*z - 20, -2*k + z + 464 - 160 = 0. What are the prime factors of k?
2, 3, 5
Let r = 0 + 4. Suppose 23 = r*x + 3. List the prime factors of x.
5
Let g = -3 + 3. Suppose j + g*j = 3. Suppose -105 = -5*c + j*w, 42 = c + c + 3*w. What are the prime factors of c?
3, 7
Suppose -13*n + 270 = -11*n. What are the prime factors of n?
3, 5
Suppose 4*v = 3*g + 152, 0*v - 70 = -2*v + 3*g. List the prime factors of v.
41
List the prime factors of (-3)/((-6)/(-8)) - -14.
2, 5
Let z = -328 - -639. What are the prime factors of z?
311
Suppose 5 = 4*v - 15. What are the prime factors of v?
5
List the prime factors of 1/((-4)/(-48)) - -2.
2, 7
Let k(v) = 2*v - 4. Let n be k(7). Suppose -4*m + n + 10 = 0. What are the prime factors of (24/15)/2*m?
2
Suppose -2*m = 3*m - 25, 0 = v - 5*m - 13. Suppose -3*f + f = -4*p + 26, -v = -5*p - 3*f. Let d = 26 - p. What are the prime factors of d?
19
Let i(w) = 25*w**2 - 2*w - 1 + 9*w**2 - 10*w**2. Let t be i(-1). List the prime factors of 20/(-25)*t/(-2).
2, 5
Suppose -g + 4*g = -9, 5*g - 1750 = -5*k. List the prime factors of k.
353
Suppose 0*m - 3*m = -48. Suppose 22 = p - m. List the prime factors of p.
2, 19
Suppose 72*v - 69*v = 405. List the prime factors of v.
3, 5
Suppose -3*v - 10 = 2*v - 5*r, 0 = v + r + 6. Let l(c) = -c**2 - 6*c - 4. List the prime factors of l(v).
2
Let g(j) = j + 5*j - 15*j**2 + 16*j**2. What are the prime factors of g(-8)?
2
Let p = -131 + 192. List the prime factors of p.
61
Let y = -2 - -6. Suppose 4 + 8 = -y*q. Let c = q - -6. List the prime factors of c.
3
Suppose 0 = -3*r + 7 - 1. Suppose r*f = -0*f + 10. Suppose 2*b + 5*w = 0, -f*w - 22 = -b - 2*w. List the prime factors of b.
2, 5
Suppose 4*q - 1 = 11. What are the prime factors of q?
3
Let a be (68/3)/(2/6). Let s = -1 + a. Suppose 5*y + 3*p - s = 0, 3*y + 4*p - 26 - 12 = 0. What are the prime factors of y?
2, 7
Let g(q) = q**3 + 4*q**2 + q + 4. Let z be g(-3). Suppose 5*i - 4*j - z = j, -2*i + j = -4. List the prime factors of i.
2
Let r(w) = -w**2 - 5*w + 3. Let a be r(4). Let p = 46 + a. What are the prime factors of p?
13
Let n be (5/(-2))/((-3)/6). Suppose -3*p - p + 2*q = 2, -n*p - q = 6. What are the prime factors of -2*p*3/2?
3
Suppose t = 5*t + 272. Let o = 107 + t. Suppose 115 - o = 4*v. List the prime factors of v.
19
Let b = 0 + 14. Let i(k) = -2*k + 16. Let a be i(7). Suppose 0 = 4*z - 3*l - 36, 0 = a*z - 5*l - b - 18. What are the prime factors of z?
2, 3
Let p(j) = -2*j + 1. Let h be p(-4). Suppose -o + 0*o = -h. List the prime factors of o.
3
Let w be (0 + 3)/((-2)/(-2)). Let v be 13 - (-3)/(w/(-2)). What are the prime factors of (v + -1)*(-2)/(-2)?
2, 5
Let a = -61 + 94. What are the prime factors of a?
3, 11
Let p(x) = 5*x**2 - 3*x - 6. Let b be p(5). Suppose 4*c = -16, -5*k = -c + 10 - b. What are the prime factors of k?
2, 3
Let v = -3 + 6. Let k be (0 - v)*(-96)/(-18). Let t = k - -27. List the prime factors of t.
11
Let z be (-3)/6*(-6 - 0). Suppose 0 = -3*j - 5*u - 27, -z*u = 3*j - 0*u + 33. What are the prime factors of (-164)/j - 6/(-21)?
2, 3
Let c(z) = z**3 - 2*z**2 + 3*z - 2. Let g be c(1). What are the prime factors of 11/((-2)/(-4) + g)?
2, 11
Let d be (-28)/(-15) + (-6)/(-45). Suppose -64 = -d*h + 24. What are the prime factors of h?
2, 11
Let b(z) = z**2 + 8*z + 8. Let h be b(-7). Let c be (-4 + h)/((-1)/2). List the prime factors of 2/((-2)/(-1))*c.
2, 3
Let p = 35 + -24. What are the prime factors of p?
11
Let o(v) = v**3 + 10*v**2 - 2*v - 8. Let c = 25 - 35. List the prime factors of o(c).
2, 3
Let x = 3 - 0. Let q be (-2)/x + 3/(-9). What are the prime factors of 18*(q + (-6)/(-4))?
3
List the prime factors of ((-14)/(-35))/(1/50).
2, 5
Let o be 6*(0 - (-2)/6). Let u(d) = 5*d - 3. List the prime factors of u(o).
7
Let x(j) = 36*j - 9. List the prime factors of x(6).
3, 23
Suppose -21 + 71 = 5*z. What are the prime factors of z?
2, 5
What are the prime factors of (1 + 5/(-2))/((-18)/312)?
2, 13
Suppose 2*i - 3*h - 15 = i, 5*i - h - 5 = 0. Suppose i = o - 5 - 3. List the prime factors of o.
2
Let w = -3 + 2. Let d be 0 + 3 + (-1 - w). Suppose 5*k - 6 = d*k. What are the prime factors of k?
3
Let r(b) = 47*b**2 - b - 1. Let s be